-8 + 4. Let n be 44/16 - 1/a. Suppose -5*s = -n*u + 323, -3*u = 2*s + 112 - 470. What are the prime factors of u?
2, 29
Let c(f) = -71*f - 2037. What are the prime factors of c(-61)?
2, 31, 37
Let p(q) = q**3 - 140*q**2 - 956*q + 394. List the prime factors of p(147).
5, 89
Let l be (3/15)/(10/(-25))*-42. Suppose -l = -y - 0*k + 4*k, 5*k = 25. Suppose 4*x - y = -25. List the prime factors of x.
2
Suppose -c = 6*c - 21. Suppose c*m - 2*m = 2. Suppose 7 = m*n - n. What are the prime factors of n?
7
What are the prime factors of 22/(-99) - (-6 - 86/27)*1038?
2, 3, 7, 227
Let z(u) = u**3 - 24*u**2 + 43*u + 56. Let p be z(23). Suppose -5*h + 1290 = -5*c, -3*h + 3*c = -h - p. List the prime factors of h.
2, 3, 43
What are the prime factors of -27 - -34 - (-6342)/12*134?
2, 7, 5059
Suppose -187*q - 795300 = -6082164. List the prime factors of q.
2, 3, 19, 31
List the prime factors of (7 - -6)/(4 - 2567/642).
2, 3, 13, 107
Let p be ((-3336)/4)/((-4)/2). Suppose -v - 313 = 3*h, 0 = -h + 5*h + v + p. Let k = h + 185. List the prime factors of k.
3
Let r(y) = -y**2 + 9*y + 78. Let g(w) = -w**2 - 9*w + 11. Let v be g(-9). List the prime factors of r(v).
2, 7
Let q(f) = -91*f - 74. Let r(u) = -45*u - 40. Let s(y) = 4*q(y) - 7*r(y). Suppose -v + 0*v + 5*l = -16, -2*v - 3*l - 20 = 0. What are the prime factors of s(v)?
2, 3, 5
Suppose 18*b - 17 = 4*c + 23*b, -3*c = -3*b - 21. Let v = 7 + -1. What are the prime factors of c/v + 4908/18?
3, 7, 13
Let n be (-2)/(4*(-2)/2216). Suppose 0 = 5*g + a - 6*a - 1365, -2*g = 2*a - n. List the prime factors of g.
5, 11
Suppose 0 = 3*w + 3*n + 36, 2*n = -6 - 2. Let y(d) = -3*d**3 - 2*d**2 + 3*d - 24. List the prime factors of y(w).
2, 5, 17
Let a(s) be the second derivative of -s**5/10 - s**4/12 - 10*s**3/3 - 4*s**2 - 35*s. What are the prime factors of a(-6)?
2, 127
Suppose -12*h = -7*h + 20, -j + 3433 = 3*h. What are the prime factors of j/10 + (5 + -3)/(-4)?
2, 43
Suppose 540492 = 58*l + 76898. What are the prime factors of l?
7993
Let a = -50 + 84. Let z = 120 - 161. Let u = a - z. What are the prime factors of u?
3, 5
Let o(v) = 21*v - 63. Let i be o(8). Suppose 110*h - i*h = 530. What are the prime factors of h?
2, 53
Let k(j) = 186*j + 215*j**2 - 6 - 375*j + 186*j. List the prime factors of k(-2).
2, 5, 43
Let i = -7072 - -11348. Suppose 0 = 3*z + z - i. List the prime factors of z.
1069
Let x(n) = -813*n + 358. What are the prime factors of x(-6)?
2, 7, 11, 17
Let k be -13 - -13 - 1*(2 - 2). Suppose k = -i + 5*i + 4*f - 2700, 0 = -2*f - 4. What are the prime factors of i?
677
Let f(t) = 129*t**2 + 6*t + 7. Let k be f(-2). Suppose 0 = -3*h + 5*l + 1418 - k, 4*h - 4*l = 1220. Let b = 441 - h. List the prime factors of b.
2, 3, 11
Let q(r) = 22*r + 42. Let o be q(-1). Let c = o - -282. What are the prime factors of c?
2, 151
Let v(u) = -6*u**2 - 320*u + 146. List the prime factors of v(-50).
2, 3, 191
Suppose 4*c = -2*x + 14024, 28*c + 35034 = 5*x + 25*c. What are the prime factors of x?
2, 3, 73
Suppose r = 21 + 48. Let p(s) = -s**3 + 16*s**2 + 33. Let y be p(16). Let n = r - y. What are the prime factors of n?
2, 3
Let n(y) = y + 41. Let r(u) = -u - 15. Suppose 0 = 3*g - 12, 3*d - 3*g = -4 + 22. Let v be r(d). List the prime factors of n(v).
2
Let i(q) = 12*q + 137. Let l be i(-11). Suppose 0*x - 5*x + 1380 = 5*f, l*x + 3*f - 1386 = 0. What are the prime factors of x?
3, 31
Let h = -20243 + 90744. List the prime factors of h.
70501
Let o be -4*((-33)/12)/11. Let m be 139 - ((-46)/161)/(o/(-14)). Let n = -21 + m. List the prime factors of n.
2, 3, 19
Let r be ((-16)/(-6))/((-44)/(-12) + -3). Suppose 2*g - 3*d - 262 = 0, -3*g + d = -r*g + 131. List the prime factors of g.
131
Suppose -23*r + 27*r = 16. Suppose -r*i = -4*b + 2*b + 178, 0 = 3*i + 9. Suppose -7*c + b + 785 = 0. List the prime factors of c.
2, 31
Suppose 18*p - 13*p + 16758 = 2*o, -o - p + 8372 = 0. Suppose -o = -16*g + 282. List the prime factors of g.
541
Let p = 20 - 78. Let d = p - -60. Suppose 4*x - 708 = -d*f, -5*x + f + 292 = -607. List the prime factors of x.
179
Let s(b) be the first derivative of -286*b**2 - 323*b + 275. What are the prime factors of s(-4)?
3, 5, 131
Let b(u) = 1831*u + 600. What are the prime factors of b(3)?
3, 677
Let q = -1790 - -953. Let i = q + 1064. List the prime factors of i.
227
Let a = -17 + 20. Suppose -a*q - 2*q = -25. Suppose y + 17 = -q*z + 6, 7 = 4*y + 3*z. List the prime factors of y.
2
Suppose -4*x + 2*b = -6, b - 2*b + 1 = -x. Suppose 698 = x*r - 134. List the prime factors of r.
2, 13
Suppose 0 = 2*f - h - 1, 3*h + 5 = -f + 2. Suppose 4*c = -v + 124, 2*c - 4 + 6 = f. List the prime factors of v.
2
Let b be (17264/3)/16 + 4/3. Let z = b - 116. List the prime factors of z.
5, 7
Let b be (8/42*3)/(18/1953). What are the prime factors of 1/((-3)/b)*(-94 - -79)?
2, 5, 31
Let i be 5*(-14)/(-105) - (-10)/(-6). Let n be (i + 79/(-2))*(8 - 10). Let c = n - 36. What are the prime factors of c?
3, 5
Suppose -y - 3*r = -5228, 19*y - 22*y + 5*r = -15670. What are the prime factors of y?
5, 11, 19
Suppose -1658090 = -64*m - 221418. What are the prime factors of m?
2, 23, 61
Let x(u) = 316*u - 82. What are the prime factors of x(3)?
2, 433
Let a(c) = 7*c**2 + 59*c + 682. List the prime factors of a(-37).
2, 3, 449
Let q(y) = y**2 + 20*y - 13. Let w be q(-21). Let c(l) = -49*l**3 - 3*l - w*l**2 + 48*l**3 - 6*l + 5. What are the prime factors of c(-8)?
7, 11
Let f be 0 + 138/(2 - -1). Let t = f - 44. Suppose 5*s = -t*s + 147. What are the prime factors of s?
3, 7
Let l(r) = 3*r**2 - 9*r - 21. Let f be l(-2). List the prime factors of f*(-1336)/(-36) - (1 + -4).
337
Suppose -51*v + 31*v + 37*v = 620925. List the prime factors of v.
3, 5, 487
Let w = 526 - 524. Let o(g) = -27*g**2 - 4*g + 3. Let p(f) = 27*f**2 + 5*f - 4. Let b(h) = -4*o(h) - 3*p(h). List the prime factors of b(w).
2, 5, 11
List the prime factors of (3 + 0 - (-8 + (-15415)/(-2)))*-6.
3, 7, 733
Let n(u) = 396*u + 404. What are the prime factors of n(12)?
2, 1289
Suppose -5*t + m = -15, -22 = -3*t - 2*m - 0*m. Let y(c) = -c**3 + 4*c**2 + 9*c - 10. List the prime factors of y(t).
2, 13
List the prime factors of (-198)/(-330) + 86*16395/50.
2, 3, 5, 47
Let p = 4975 + -4012. What are the prime factors of p?
3, 107
Let n be (-850)/(-18) - (-20)/(-90). Let y = n - -7. Let u = -43 + y. List the prime factors of u.
11
Suppose -5*h - 27 = -2*n, h - 7 = -2*n + 2. Let u(b) = -b**3 + 4*b**2 + 10*b + 8. Let m be u(n). List the prime factors of (-4)/(-6)*(86/4 - m).
17
Suppose 9*y + 17840 = -11*y. Let b = -487 - y. What are the prime factors of b?
3, 5
Let a(v) = 2*v**2 + 17*v + 8. Let r be a(-10). Suppose -27*c - 99 = -r*c. List the prime factors of c.
3
Let g = -8 + 11. Suppose -7 = -4*v + u - 2, 2*v = 4*u - 8. Suppose v*z - 525 = -g*c, 2*c - 64 = 5*z + 267. List the prime factors of c.
173
Let l(u) = -2*u**3 - 37*u**2 - 21*u - 54. Let v be l(-18). Suppose 4*s = -4*i + 408, 2*s = -3*i - v*s + 301. What are the prime factors of i?
97
Let o(n) = -2*n**2 - 36*n - 31. Let f be o(-17). Let c be 9*(1/f + (-4)/(-12)). List the prime factors of c/(-36) - 2361/(-18).
131
Let j(r) = 30671*r + 437. List the prime factors of j(1).
2, 7, 11, 101
Suppose -3*i - o + 43117 = -2690, -3*i + 2*o + 45807 = 0. What are the prime factors of i?
15269
Suppose 2*a - 3 = 5. Suppose 4 = 4*j - 2*n, 4*n + 0 = -3*j + 25. Suppose 0 = -5*w - j*g + 412, -a*g - 252 = -3*w - g. List the prime factors of w.
83
Suppose -18 = -8*a + 2*a. Let n(s) = -7*s - 2*s**2 + 12*s**3 - 14*s**3 + a + 1 - 3*s**2. List the prime factors of n(-5).
2, 41
Suppose -12 = 4*u + 9*v - 5*v, -3*u + 4*v = 30. Let b be -1 + 0 + -6*u/18. Let a(n) = 8*n**2 + 2*n. List the prime factors of a(b).
2, 5
Let g(a) = -250*a - 138. Let l = -11 + 5. List the prime factors of g(l).
2, 3, 227
Suppose 3*z = -5*l + 21456, -7720 = -5*z + l + 28068. What are the prime factors of z?
17, 421
Suppose -3725 - 2769 = -6*u + 2170. What are the prime factors of u?
2, 19
Suppose 12756 = 24*l - 6540. Let c = -354 + l. List the prime factors of c.
2, 3, 5
Let a(y) = 6*y**3 - 12*y**2 + 71*y + 56. What are the prime factors of a(22)?
2, 19, 1571
Let j = -1496 - -1026. Let y = j - -874. What are the prime factors of y?
2, 101
Suppose -146*k + 1601718 = -2360576